{"id":2758,"date":"2016-05-13T13:33:06","date_gmt":"2016-05-13T11:33:06","guid":{"rendered":"http:\/\/uralroikka.fi\/sivut\/?page_id=2758"},"modified":"2026-04-20T20:56:31","modified_gmt":"2026-04-20T18:56:31","slug":"ural-roikka-logot","status":"publish","type":"page","link":"https:\/\/uralroikka.fi\/sivut\/?page_id=2758","title":{"rendered":"Ural Roikka logot"},"content":{"rendered":"<p>Ural Roikka Ry:n logot j\u00e4senien ja median iloksi<\/p>\n<div id=\"attachment_2759\" style=\"width: 522px\" class=\"wp-caption alignright\"><a href=\"http:\/\/uralroikka.fi\/sivut\/wp-content\/uploads\/2016\/05\/uralroikka_logo_2016_vari_300x300dpi.png\"><img decoding=\"async\" aria-describedby=\"caption-attachment-2759\" src=\"http:\/\/uralroikka.fi\/sivut\/wp-content\/uploads\/2016\/05\/uralroikka_logo_2016_vari_300x300dpi-1024x925.png\" alt=\"Ural Roikka logo v\u00e4rillinen\" width=\"512px\" \/><\/a><p id=\"caption-attachment-2759\" class=\"wp-caption-text\">Ural Roikka logo v\u00e4ri 300x300dpi 3100x2800px png l\u00e4pin\u00e4kyv\u00e4 tausta<\/p><\/div>\n<div id=\"attachment_2760\" style=\"width: 522px\" class=\"wp-caption alignright\"><a href=\"http:\/\/uralroikka.fi\/sivut\/wp-content\/uploads\/2016\/05\/uralroikka_logo_2016_mv_300x300dpi.png\"><img decoding=\"async\" aria-describedby=\"caption-attachment-2760\" src=\"http:\/\/uralroikka.fi\/sivut\/wp-content\/uploads\/2016\/05\/uralroikka_logo_2016_mv_300x300dpi-1024x918.png\" alt=\"Ural Roikka logo mustavalko 300x300dpi png l\u00e4pin\u00e4kyv\u00e4 tausta\" width=\"512px\"\/><\/a><p id=\"caption-attachment-2760\" class=\"wp-caption-text\">Ural Roikka logo mustavalvko 300x300dpi 3051x2736px png l\u00e4pin\u00e4kyv\u00e4 tausta<\/p><\/div>\n<div id=\"attachment_3521\" style=\"width: 522px\" class=\"wp-caption alignright\"><a href=\"https:\/\/uralroikka.fi\/sivut\/wp-content\/uploads\/2026\/04\/ural_of_anarchy-scaled.png\"><img decoding=\"async\" aria-describedby=\"caption-attachment-3521\" src=\"https:\/\/uralroikka.fi\/sivut\/wp-content\/uploads\/2026\/04\/ural_of_anarchy-scaled.png\" alt=\"Ural Roikka lis\u00e4logo mustavalko png l\u00e4pin\u00e4kyv\u00e4 tausta\" width=\"512px\"\/><\/a><p id=\"caption-attachment-3521\" class=\"wp-caption-text\">Ural Roikka lis\u00e4logo 2560x2560px png l\u00e4pin\u00e4kyv\u00e4 tausta<\/p><\/div>\n","protected":false},"excerpt":{"rendered":"<p>Ural Roikka Ry:n logot j\u00e4senien ja median iloksi<\/p>\n","protected":false},"author":9,"featured_media":0,"parent":4,"menu_order":99,"comment_status":"closed","ping_status":"closed","template":"","meta":{"footnotes":""},"class_list":["post-2758","page","type-page","status-publish","hentry"],"_links":{"self":[{"href":"https:\/\/uralroikka.fi\/sivut\/index.php?rest_route=\/wp\/v2\/pages\/2758","targetHints":{"allow":["GET"]}}],"collection":[{"href":"https:\/\/uralroikka.fi\/sivut\/index.php?rest_route=\/wp\/v2\/pages"}],"about":[{"href":"https:\/\/uralroikka.fi\/sivut\/index.php?rest_route=\/wp\/v2\/types\/page"}],"author":[{"embeddable":true,"href":"https:\/\/uralroikka.fi\/sivut\/index.php?rest_route=\/wp\/v2\/users\/9"}],"replies":[{"embeddable":true,"href":"https:\/\/uralroikka.fi\/sivut\/index.php?rest_route=%2Fwp%2Fv2%2Fcomments&post=2758"}],"version-history":[{"count":10,"href":"https:\/\/uralroikka.fi\/sivut\/index.php?rest_route=\/wp\/v2\/pages\/2758\/revisions"}],"predecessor-version":[{"id":3523,"href":"https:\/\/uralroikka.fi\/sivut\/index.php?rest_route=\/wp\/v2\/pages\/2758\/revisions\/3523"}],"up":[{"embeddable":true,"href":"https:\/\/uralroikka.fi\/sivut\/index.php?rest_route=\/wp\/v2\/pages\/4"}],"wp:attachment":[{"href":"https:\/\/uralroikka.fi\/sivut\/index.php?rest_route=%2Fwp%2Fv2%2Fmedia&parent=2758"}],"curies":[{"name":"wp","href":"https:\/\/api.w.org\/{rel}","templated":true}]}}

<p>Ural Roikka Ry:n logot jäsenien ja median iloksi</p>
<div id="attachment_2759" style="width: 522px" class="wp-caption alignright"><a href="http://uralroikka.fi/sivut/wp-content/uploads/2016/05/uralroikka_logo_2016_vari_300x300dpi.png"><img decoding="async" aria-describedby="caption-attachment-2759" src="http://uralroikka.fi/sivut/wp-content/uploads/2016/05/uralroikka_logo_2016_vari_300x300dpi-1024x925.png" alt="Ural Roikka logo värillinen" width="512px" /></a><p id="caption-attachment-2759" class="wp-caption-text">Ural Roikka logo väri 300x300dpi 3100x2800px png läpinäkyvä tausta</p></div>
<div id="attachment_2760" style="width: 522px" class="wp-caption alignright"><a href="http://uralroikka.fi/sivut/wp-content/uploads/2016/05/uralroikka_logo_2016_mv_300x300dpi.png"><img decoding="async" aria-describedby="caption-attachment-2760" src="http://uralroikka.fi/sivut/wp-content/uploads/2016/05/uralroikka_logo_2016_mv_300x300dpi-1024x918.png" alt="Ural Roikka logo mustavalko 300x300dpi png läpinäkyvä tausta" width="512px"/></a><p id="caption-attachment-2760" class="wp-caption-text">Ural Roikka logo mustavalvko 300x300dpi 3051x2736px png läpinäkyvä tausta</p></div>
<div id="attachment_3521" style="width: 522px" class="wp-caption alignright"><a href="https://uralroikka.fi/sivut/wp-content/uploads/2026/04/ural_of_anarchy-scaled.png"><img decoding="async" aria-describedby="caption-attachment-3521" src="https://uralroikka.fi/sivut/wp-content/uploads/2026/04/ural_of_anarchy-scaled.png" alt="Ural Roikka lisälogo mustavalko png läpinäkyvä tausta" width="512px"/></a><p id="caption-attachment-3521" class="wp-caption-text">Ural Roikka lisälogo 2560x2560px png läpinäkyvä tausta</p></div>

<p>Ural Roikka Ry:n logot jäsenien ja median iloksi</p>
